{"id":61,"date":"2014-08-21T10:51:33","date_gmt":"2014-08-21T08:51:33","guid":{"rendered":"https:\/\/lisa-mcabbey.comwordpress\/?page_id=61"},"modified":"2022-03-15T18:26:38","modified_gmt":"2022-03-15T16:26:38","slug":"verlag","status":"publish","type":"page","link":"https:\/\/lisa-mcabbey.com\/?page_id=61","title":{"rendered":"Verlag"},"content":{"rendered":"<p>An dieser Stelle ein herzliches Dankesch\u00f6n an die Verlagsgruppe Bastei L\u00fcbbe, die die folgenden B\u00fccher im Rahmen ihres digitalen Labels <a href=\"http:\/\/be-ebooks.de\/\">be-ebooks<\/a> ver\u00f6ffentlicht hat:<br \/>\n&#8211; Die Eroberung des Normannen (Ebook)<br \/>\n&#8211; Der Spion mit dem Strumpfband (Ebook)<br \/>\n&#8211; Die Schmugglerlady (Ebook)<br \/>\n&#8211; Lady ohne Furcht und Tadel (Ebook)<br \/>\n&#8211; Die englische Lady und der Rebell (Ebook)<br \/>\n&#8211; Die Braut des Walisers (Ebook)<\/p>\n<p>Folgende B\u00fccher sind zudem als Taschenb\u00fccher bei <a href=\"https:\/\/www.luebbe.de\/luebbe-belletristik\">L\u00fcbbe Belletristik<\/a> erschienen:<br \/>\n&#8211; Die Schmugglerlady<br \/>\n&#8211; Die Braut des Walisers<\/p>\n<p>Wenn ihr auf den Geschmack gekommen seid und nach weiteren B\u00fcchern aus dem Bastei L\u00fcbbe Programm sucht, dann seid ihr <a href=\"https:\/\/www.luebbe.de\/\"><span style=\"text-decoration: underline;\">hier<\/span> <\/a>richtig.<\/p>\n<p>Verlag:<br \/>\nBastei L\u00fcbbe AG<br \/>\nSchanzenstra\u00dfe 6 -20<br \/>\n51063 K\u00f6ln<br \/>\nTel.: +49 (0)221 8200-0<br \/>\nwww.luebbe.de<\/p>\n","protected":false},"excerpt":{"rendered":"<p>An dieser Stelle ein herzliches Dankesch\u00f6n an die Verlagsgruppe Bastei L\u00fcbbe, die die folgenden B\u00fccher im Rahmen ihres digitalen Labels be-ebooks ver\u00f6ffentlicht hat: &#8211; Die Eroberung des Normannen (Ebook) &#8211; Der Spion mit dem Strumpfband (Ebook) &#8211; Die Schmugglerlady (Ebook) &hellip; <a class=\"more-link\" href=\"https:\/\/lisa-mcabbey.com\/?page_id=61\">Weiterlesen <span class=\"meta-nav\">&rarr;<\/span><\/a><\/p>\n","protected":false},"author":1,"featured_media":0,"parent":0,"menu_order":3,"comment_status":"closed","ping_status":"closed","template":"","meta":{"footnotes":""},"class_list":["post-61","page","type-page","status-publish","hentry"],"_links":{"self":[{"href":"https:\/\/lisa-mcabbey.com\/index.php?rest_route=\/wp\/v2\/pages\/61","targetHints":{"allow":["GET"]}}],"collection":[{"href":"https:\/\/lisa-mcabbey.com\/index.php?rest_route=\/wp\/v2\/pages"}],"about":[{"href":"https:\/\/lisa-mcabbey.com\/index.php?rest_route=\/wp\/v2\/types\/page"}],"author":[{"embeddable":true,"href":"https:\/\/lisa-mcabbey.com\/index.php?rest_route=\/wp\/v2\/users\/1"}],"replies":[{"embeddable":true,"href":"https:\/\/lisa-mcabbey.com\/index.php?rest_route=%2Fwp%2Fv2%2Fcomments&post=61"}],"version-history":[{"count":11,"href":"https:\/\/lisa-mcabbey.com\/index.php?rest_route=\/wp\/v2\/pages\/61\/revisions"}],"predecessor-version":[{"id":519,"href":"https:\/\/lisa-mcabbey.com\/index.php?rest_route=\/wp\/v2\/pages\/61\/revisions\/519"}],"wp:attachment":[{"href":"https:\/\/lisa-mcabbey.com\/index.php?rest_route=%2Fwp%2Fv2%2Fmedia&parent=61"}],"curies":[{"name":"wp","href":"https:\/\/api.w.org\/{rel}","templated":true}]}}